 the hundreds digit of j?
9
Let l be ((-15)/1)/(3 - (-18)/(-5)). Suppose -23*d + 22*d + l = 0. Suppose 0 = m + 4, -d - 3 = -4*q + 3*m. What is the units digit of q?
4
Suppose -5*r = -4*x + 30, 3*r - 8*x + 31 = -3*x. Let h(j) = -5*j**3 - j**2 + 7*j + 11. What is the tens digit of h(r)?
3
Suppose 0 = -4*b + 18*b. Suppose 17*t - 23*t + 1740 = b. What is the hundreds digit of t?
2
Let d(j) = 4*j**2 - 29*j + 3. Let z be d(9). Suppose 3*y + z = y. Let a = y + 67. What is the units digit of a?
4
Let r = -2800 - -14303. What is the thousands digit of r?
1
Let w(n) = 9*n**3 - 2*n**2 + 1. Let r be w(1). Suppose -4 - r = 4*k - 5*g, 2*k = -5*g + 24. Let p(o) = 3*o**3 + o**2 + 2*o + 1. What is the units digit of p(k)?
3
Let a(b) = -b**3 + 124*b**2 - 176*b + 662. What is the units digit of a(122)?
8
Let s(g) = -3488*g - 2914. What is the tens digit of s(-3)?
5
Let m(w) = -w**3 - 3*w**2 + 6*w + 3. Let x be m(4). Let p = x - -604. Suppose 10*l - 221 - p = 0. What is the tens digit of l?
7
Suppose -14 + 1 = 5*d - 4*y, 0 = 4*d - 3*y + 11. Let c be (-4)/10 - 1/(d/(-853)). Let j = c - -267. What is the tens digit of j?
9
Let o be (45/(-30))/((-9)/24) - 0. Suppose 5*n - 3401 = 7*b - o*b, b + 1361 = 2*n. What is the hundreds digit of n?
6
Let l(x) = 4*x**3 + 63*x**2 + 92*x + 144. Let j(n) = -n**3 - 16*n**2 - 23*n - 36. Let m(d) = 9*j(d) + 2*l(d). What is the hundreds digit of m(-18)?
3
Let g = 77 + -253. Let b = g - -549. What is the hundreds digit of b?
3
Suppose 260*u - 430*u + 8354650 = 0. What is the units digit of u?
5
Let q(h) = -h**3 - 3*h**2 - 2*h - 4. Let x be 3/6 + (-98)/(-4) + -3. Let z be (1 + x/(-10))/(10/25). What is the units digit of q(z)?
2
Suppose -73*o = -757669 + 261845 - 541360. What is the hundreds digit of o?
2
Let l(w) = 359*w - 1992. What is the ten thousands digit of l(40)?
1
Let t = -123 - -176. Let j = -51 + t. Suppose -j*a + 98 + 100 = 0. What is the units digit of a?
9
Let g be 1/(0 - -1) - (-362 + 3). Let k = 570 - g. Suppose 25*u = 23*u + k. What is the units digit of u?
5
Let t = -39804 + 79406. What is the ten thousands digit of t?
3
What is the units digit of (-53986)/(-2) + (7 - (-13 + 13)) + -13?
7
Suppose k - 6337 = -5*d, 0 = 5*k - 13*d + 12*d - 31607. What is the hundreds digit of k?
3
Let q be 20/4*(-12)/(-15). Let n(g) = 20*g**2 - 16*g - 4. What is the hundreds digit of n(q)?
2
Suppose -5*z - 155 = -10*z. Let i = z + -27. Suppose -w = -4*y + 43, i*y - y + w - 27 = 0. What is the tens digit of y?
1
Let p(m) = 319*m**2 - 118*m + 736. What is the ten thousands digit of p(6)?
1
Let h(z) = -4*z + 10. Let b be h(2). Suppose -8*p = -b*p - 24. Suppose -6*u + 692 = -u - p*y, -4*u + y = -558. What is the tens digit of u?
4
Let x = -11587 - -21860. What is the thousands digit of x?
0
Suppose -6*f = -640 - 290. Suppose 4*r - f = -t, 3*r + 4*t - 66 = 60. Let a = 86 - r. What is the units digit of a?
8
What is the thousands digit of 474753/247 - (-3)/(-39)?
1
Suppose 727*o = 732*o - 4*j - 31473, -4*o + 3*j + 25178 = 0. What is the tens digit of o?
9
Let g(j) be the third derivative of -2/3*j**4 + 0*j - 6*j**2 + 0 - 31/6*j**3. What is the units digit of g(-5)?
9
Suppose -8*w + 5*w - 49 = -5*a, 5*a + 3*w - 31 = 0. Suppose -a*d + 3697 + 2719 = 0. What is the units digit of d?
2
Let c = -175 + 312. Let z = c + -213. Let b = 128 + z. What is the tens digit of b?
5
Suppose 4*x - 8*x - z = -105, 2*z - 85 = -3*x. Suppose -391 = -16*y + x. What is the tens digit of y?
2
Let d(b) = b**3 - 7*b**2 + 8*b + 2. Let l be d(6). Let n = l - 12. What is the hundreds digit of (-6)/2 - (3 + n + -193)?
1
Suppose -4*g - 12 = -0*g. Let p(l) = l**2 + l - 1. Let m(i) = 5*i**2 + 4*i - 2. Let w(t) = g*p(t) + m(t). What is the units digit of w(-6)?
7
Let h be (-1 + 222/10)/((-8)/280). What is the hundreds digit of (8 + -8 + -1)/(2/h)?
3
Suppose 2 - 3 = -n - o, -4 = -o. What is the units digit of 3452/16 + (44/(-16) - n)?
6
Let z = 25 - 25. Suppose z = -5*k + 5*g + 3435, -3*k + g + 3068 = 1011. Suppose 2*o + 407 = 3*t + 3*o, -5*t + k = 5*o. What is the units digit of t?
5
Suppose -100*a + 7*a + 93448 = -1628540. What is the tens digit of a?
1
Let f(i) = 2*i**3 + 13*i**2 - 8*i + 2. Let w be f(-7). What is the tens digit of w/3*1435/21*2?
1
Suppose 0 = -5*p - 4*m + 288373, -55*p + 51*p - 2*m = -230696. What is the ten thousands digit of p?
5
Let p = 3 + -7. Let b be ((-6)/p)/((-3)/(-818)). Suppose b = 5*d - 11. What is the tens digit of d?
8
Let d = 29574 - 430. What is the units digit of d?
4
Let w(y) = y + 14. Let h be w(-8). Suppose -h*x + 2113 = -395. What is the units digit of x?
8
Let x be -2*(25/2 - 3). Let l(t) be the second derivative of -t**3/6 - 3*t**2 + 2*t - 2. What is the units digit of l(x)?
3
Let y be 3/(-1)*(-1334)/69. Let o = y - 55. Suppose -x + o*q = -3*x + 129, 5*x + 4*q - 319 = 0. What is the units digit of x?
3
Let v(q) = 3*q**2 - 32*q - 18. Let b be v(11). Let c(g) = -3*g**3 - 6*g**2 + 28*g + 12. What is the hundreds digit of c(b)?
5
Suppose -10*x = -4*x + 4*x. Suppose 2*w - t + 2*t - 344 = x, 4*w - t = 694. What is the units digit of w?
3
Let h be (-17)/(-17) - 1483/(-2)*2. Suppose -5*n + 3*q + 1486 = -0*n, -2*q = -5*n + h. What is the hundreds digit of n?
2
Let v(t) = 3113*t + 149. What is the hundreds digit of v(12)?
5
Let h = -293 - -47. Let z = 319 + h. What is the units digit of z?
3
Let f(a) = 0*a**2 + 2*a + 4*a + 0*a - 27 + a**2. Let o be f(-9). Suppose o = -5*l + 25, -w + 15 = l - 13. What is the units digit of w?
3
Let y(q) = 36*q**2 - 3*q + 69. Let n(r) = r + 4. Let k(v) = -3*n(v) + y(v). What is the units digit of k(6)?
7
Suppose 5*l - 89 + 39 = 0. Suppose -3*u = -l*u + 14. Suppose 2*i + u*m + 41 = 7*i, -5*i - 2*m = -49. What is the units digit of i?
9
Suppose 33*i - 30*i = 540. Let j = 511 - i. What is the tens digit of j?
3
Let x be 53186/18 + (-76)/(-18) + -4. Suppose -2*r = 13*r - x. What is the units digit of r?
7
Let n be 17 + -20 + 1*4. Let r = -28 - -32. What is the units digit of (-1 - n)/r*-302?
1
Let s(i) = 4*i**2 - 4*i. Let t be s(5). Let n be 22 - (4 - (-8 - -6)). Suppose -t = -o + n. What is the tens digit of o?
9
Let h be 32*8/12*3. Suppose 7*j - h = 76. Suppose -400 = 15*u - j*u. What is the units digit of u?
0
Let s(n) be the first derivative of -n**4/2 - 2*n**3 + 45*n**2/2 + 19*n - 65. What is the units digit of s(-10)?
9
Let n(f) = -f**2 + 25. Let x = 45 - 50. Let r be n(x). Suppose r = 2*j - 6, -u - j + 45 = -35. What is the tens digit of u?
7
Let o be (2470/(-15))/((-172)/(-60) + -3). Suppose 0 = h - 0*f - 3*f - o, 6260 = 5*h + 2*f. What is the units digit of h?
0
Suppose -4*s + 12*h = 13*h - 66, 4*s + 2*h - 68 = 0. Suppose -k + 1366 = 5*w, -17*k + 1356 = -s*k - 5*w. What is the units digit of k?
1
Let t(j) = -j**3 + 22*j**2 - 12*j + 3. Let q be t(9). Suppose -11*h = -5*h - q. Let g = h + -78. What is the tens digit of g?
8
What is the hundreds digit of (-14)/((-140)/30) + 6436?
4
Let v be (1321/4 + 18/24)/(-1). Let a = 197 + v. What is the hundreds digit of (-210)/28*a/5?
2
Suppose 3*d + 8448 = 2*i, 12672 = 3*i + 2*d - 5*d. What is the hundreds digit of i?
2
Let b = 36742 - 23366. What is the tens digit of b?
7
Let q(o) = -o**3 + 14*o**2 + 62*o - 20. Suppose -4*x + 41 + 19 = 0. What is the hundreds digit of q(x)?
6
Let j = 11098 + 31391. What is the units digit of j?
9
Let f(v) = v**3 + 2*v**2 - 4*v - 5. Let b be f(2). Suppose 0 = -4*o - 2*h - b*h + 2029, -4*h = 12. What is the tens digit of o?
1
Suppose -t = -2*x + 2, 0 = -2*t + 7*t - 10. Suppose 0 = -3*d + 4*z + 5409, 5*d - 9015 = -6*z + x*z. What is the hundreds digit of d?
8
Let t(s) = 5*s**2 - 268*s - 5553. What is the thousands digit of t(-20)?
1
Let a = -166 + -27. Let f(q) = -q**3 - 9*q**2 - 7*q - 49. Let i be f(-7). Let x = i - a. What is the tens digit of x?
9
Suppose 3*h - 6*h - 3*b = 6, -3*b - 8 = 2*h. Suppose -h*t + 73 = -383. Suppose 0 = -17*w + 469 + t. What is the tens digit of w?
4
Let n be (1060*2)/4 - -5. Suppose -4*f + 3*u + 155 = 0, -2*u - 22 = f - 69. Suppose 4*z - n = i, 2*z + f = -i + 316. What is the tens digit of z?
3
Suppose -2*z + 64 - 354 = 0. Let t = 226 - z. What is the tens digit of t?
7
What is the units digit of (-18588298)/(-4303) - (-2)/13?
0
Suppose 2*b + a - 1287 = 0, b - a = 340 + 296. What is the tens digit of b?
4
Wha